hat is the millions digit of 59688768?
9
What is the hundreds digit of 59663695?
6
What is the tens digit of 4311781343?
4
What is the units digit of 1798900268?
8
What is the thousands digit of 173767057?
7
What is the millions digit of 691618421?
1
What is the ten thousands digit of 74914980?
1
What is the hundred thousands digit of 37082683?
0
What is the millions digit of 6949051?
6
What is the ten millions digit of 746659419?
4
What is the tens digit of 46184279?
7
What is the ten millions digit of 97670906?
9
What is the units digit of 6703421976?
6
What is the ten thousands digit of 3512400834?
0
What is the thousands digit of 917470869?
0
What is the millions digit of 62761067?
2
What is the ten millions digit of 905741624?
0
What is the units digit of 21147343?
3
What is the hundreds digit of 17075586?
5
What is the hundred millions digit of 108053817?
1
What is the hundred thousands digit of 28267650?
2
What is the hundred millions digit of 1140162567?
1
What is the millions digit of 593426571?
3
What is the tens digit of 40674684?
8
What is the millions digit of 319496514?
9
What is the hundreds digit of 71592435?
4
What is the ten thousands digit of 62332448?
3
What is the ten millions digit of 5803378801?
0
What is the units digit of 659237867?
7
What is the ten millions digit of 253083222?
5
What is the ten thousands digit of 9551116?
5
What is the millions digit of 2596868036?
6
What is the tens digit of 13289076?
7
What is the units digit of 47281183?
3
What is the tens digit of 229197888?
8
What is the ten thousands digit of 42996167?
9
What is the ten thousands digit of 73793935?
9
What is the tens digit of 95473971?
7
What is the hundred millions digit of 787992356?
7
What is the hundred thousands digit of 446099248?
0
What is the tens digit of 382960042?
4
What is the hundred thousands digit of 513115023?
1
What is the thousands digit of 87667165?
7
What is the hundred thousands digit of 226112912?
1
What is the hundreds digit of 5077795379?
3
What is the ten millions digit of 656492609?
5
What is the hundred thousands digit of 201865729?
8
What is the billions digit of 2139180008?
2
What is the ten thousands digit of 4282080493?
8
What is the thousands digit of 241019810?
9
What is the millions digit of 6303094199?
3
What is the thousands digit of 59515815?
5
What is the hundreds digit of 6896159224?
2
What is the hundred thousands digit of 92204110?
2
What is the units digit of 43575491?
1
What is the thousands digit of 4496346607?
6
What is the hundred millions digit of 264260383?
2
What is the hundred thousands digit of 104703583?
7
What is the millions digit of 670850984?
0
What is the millions digit of 41022994?
1
What is the thousands digit of 302806771?
6
What is the tens digit of 221550247?
4
What is the hundred millions digit of 129103684?
1
What is the hundred thousands digit of 1060114959?
1
What is the thousands digit of 3403907313?
7
What is the millions digit of 45175555?
5
What is the hundred millions digit of 565194182?
5
What is the hundred thousands digit of 100011097?
0
What is the hundred millions digit of 288206141?
2
What is the ten millions digit of 125806655?
2
What is the millions digit of 9594292?
9
What is the millions digit of 1253165000?
3
What is the units digit of 13995195?
5
What is the ten thousands digit of 76501665?
0
What is the units digit of 40570060?
0
What is the hundred thousands digit of 5398077490?
0
What is the hundreds digit of 73891191?
1
What is the units digit of 88418973?
3
What is the ten thousands digit of 86035530?
3
What is the hundreds digit of 3082067563?
5
What is the hundred millions digit of 1316106527?
3
What is the hundred thousands digit of 76139583?
1
What is the hundreds digit of 1274363388?
3
What is the tens digit of 55519010?
1
What is the hundred thousands digit of 505724983?
7
What is the millions digit of 520393407?
0
What is the thousands digit of 404628199?
8
What is the units digit of 61496942?
2
What is the units digit of 317494550?
0
What is the tens digit of 30436044?
4
What is the ten thousands digit of 56952448?
5
What is the ten thousands digit of 951002525?
0
What is the ten thousands digit of 174861809?
6
What is the hundred millions digit of 1209015138?
2
What is the millions digit of 39035724?
9
What is the thousands digit of 1255127822?
7
What is the tens digit of 66762637?
3
What is the tens digit of 3070132?
3
What is the hundreds digit of 66829159?
1
What is the ten millions digit of 57302710?
5
What is the millions digit of 2509283218?
9
What is the tens digit of 862582748?
4
What is the tens digit of 2313692154?
5
What is the hundreds digit of 979146743?
7
What is the millions digit of 34101796?
4
What is the units digit of 42900090?
0
What is the ten millions digit of 170710405?
7
What is the hundred millions digit of 4969022456?
9
What is the units digit of 252999904?
4
What is the billions digit of 2400844841?
2
What is the ten millions digit of 509081265?
0
What is the tens digit of 76132082?
8
What is the units digit of 286338469?
9
What is the tens digit of 2482351828?
2
What is the ten millions digit of 563152266?
6
What is the hundred thousands digit of 459850481?
8
What is the billions digit of 1466648238?
1
What is the tens digit of 25649950?
5
What is the thousands digit of 1541355624?
5
What is the ten millions digit of 57012366?
5
What is the hundred thousands digit of 998203537?
2
What is the billions digit of 9500629506?
9
What is the units digit of 4807299018?
8
What is the hundred millions digit of 166141045?
1
What is the hundred thousands digit of 126468325?
4
What is the millions digit of 45817991?
5
What is the hundreds digit of 664060021?
0
What is the units digit of 47938468?
8
What is the thousands digit of 175630845?
0
What is the hundred millions digit of 1516976271?
5
What is the ten thousands digit of 4763665092?
6
What is the billions digit of 1106854521?
1
What is the ten thousands digit of 788733986?
3
What is the hundred thousands digit of 285895837?
8
What is the millions digit of 1959613657?
9
What is the ten thousands digit of 37647114?
4
What is the tens digit of 581919200?
0
What is the hundreds digit of 160645936?
9
What is the hundreds digit of 1466297385?
3
What is the ten millions digit of 731279337?
3
What is the ten thousands digit of 4344511099?
1
What is the ten millions digit of 96332593?
9
What is the hundreds digit of 1699246038?
0
What is the tens digit of 188747740?
4
What is the thousands digit of 21054963?
4
What is the hundred thousands digit of 57515718?
5
What is the units digit of 851942214?
4
What is the tens digit of 70845878?
7
What is the millions digit of 7200582471?
0
What is the hundred thousands digit of 4766542?
7
What is the millions digit of 383689265?
3
What is the ten thousands digit of 74372578?
7
What is the tens digit of 6218775?
7
What is the hundreds digit of 3047229?
2
What is the thousands digit of 2381306862?
6
What is the ten thousands digit of 203201250?
0
What is the hundred thousands digit of 44166391?
1
What is the hundred thousands digit of 116851205?
8
What is the hundred thousands digit of 318037884?
0
What is the thousands digit of 70736463?
6
What is the ten thousands digit of 349483982?
8
What is the tens digit of 15055374?
7
What is the millions digit of 989561181?
9
What is the units digit of 960608167?
7
What is the units digit of 31509905?
5
What is the units digit of 6010914367?
7
What is the hundred thousands digit of 73927543?
9
What is the hundred thousands digit of 8650068?
6
What is the ten thousands digit of 284973677?
7
What is the hundreds digit of 694394715?
7
What is the millions digit of 616731219?
6
What is the ten thousands digit of 503930473?
3
What is the hundreds digit of 871809994?
9
What is the ten thousands digit of 170213722?
1
What is the ten thousands digit of 1637249530?
4
What is the tens digit of 297626613?
1
What is the units digit of 3577360?
0
What is the ten millions digit of 101928560?
0
What is the hundred thousands digit of 757939490?
9
What is the ten millions digit of 3226853599?
2
What is the tens digit of 1769525107?
0
What is the units digit of 501215634?
4
What is the hundred thousands digit of 12150192